Let d(t) = -4*t + 4 + t + 2*t**2 + 0*t - 1. Let u(a) = -3*a**2 + 2*a - 3. Let l(s) = -4*d(s) - 3*u(s). Let c = -43 - -38. Determine l(c).
-8
Let v(r) = 6*r + 203 + 3*r**2 - 207 - 4*r**2. Let p be v(6). Let d(j) = -3*j + 1. Give d(p).
13
Let k be (-816)/918*63/14. Let a(j) = -3 + 9 + 13*j - j**2 - j**3 + 0. What is a(k)?
2
Let j(c) = c**2 + 8*c + 3. Let u(l) be the second derivative of -l**4/6 + l**3/6 + 7*l**2/2 + 61*l. Let n be u(3). Calculate j(n).
3
Let p(t) = -17*t**2 + 23*t - 7. Let y(u) = -37*u**2 + 47*u - 17. Let d(h) = 13*p(h) - 6*y(h). Determine d(-7).
-59
Suppose 4399*j - 4393*j + 24 = 0. Let i be 4/5*(-70)/(-28). Let w(y) = 14*y + 19*y - 38*y + i. What is w(j)?
22
Let h(r) = -5*r**2 + 3*r - 2. Let n be 3 - -6 - (5 - (-8)/(-2)). Let p(f) = 15*f**2 - 8*f + 5. Let d(i) = n*h(i) + 3*p(i). Suppose 2 = -z - z. Determine d(z).
4
Let h(t) = -t + 8. Suppose -12 = -2*y - 2*f, -6 - 3 = -2*y - f. Let w be (-1*1*y)/(9/12). Let q be 20/(-1)*((-18)/4 - w). What is h(q)?
-2
Let g(u) = -20 + 819*u - 2 - 17 - 834*u. Calculate g(-3).
6
Let s be (-3 + 0 + 4 + -3)*-19. Let w = s - 31. Let c(j) = j**3 - 7*j**2 - j. Give c(w).
-7
Let q(j) = -j**3 - 7*j**2 + 11*j - 4. Let l be (1 - -17)*1/(-2)*(-12 - -13). Calculate q(l).
59
Let l(s) = 24*s + 294. Suppose 30*b - 29*b - w = -8, -2*b - 32 = 2*w. Let g be l(b). Let r(n) = n - 1. Give r(g).
5
Let k(a) = -2*a**2 - 2*a - 13. Let r(l) = 19*l**2 + 17*l + 134. Let j(w) = 21*k(w) + 2*r(w). Determine j(-2).
-5
Let z(h) = 5*h**2 + 8*h + 17. Let c(i) be the second derivative of 12*i - 9/2*i**2 - 1/4*i**4 - 2/3*i**3 + 0. Let k(t) = -7*c(t) - 4*z(t). What is k(5)?
0
Let k(g) = 37*g**2 - 20*g - 10*g**2 - 62 - 8*g**2 - 20*g**2. Give k(-5).
13
Let j(u) = -u**3 + 6*u**2 + 5*u + 18. Suppose 25*b - 44*b = -237*b + 1526. Give j(b).
4
Let s(k) be the second derivative of 11/6*k**3 + k**2 + 0 - 22*k. What is s(-2)?
-20
Let r(n) = 4792*n**2 - 9593*n**2 + 4802*n**2 + 48*n + 733 - 177*n. Calculate r(6).
-5
Let v(y) = y**2 + 7*y + 1. Let q be -2 + -36*(1 - -2). Let n be -1*(8/(-6) + q/(-15)). Calculate v(n).
-5
Let m(u) be the first derivative of 3*u + 4*u**2 + 1/3*u**3 - 31. Give m(-6).
-9
Suppose -l - 141 + 139 = -5*j, 0 = -4*l - 3*j - 8. Let x(d) = -d + 15. Calculate x(l).
17
Let r(n) = -n**3 + 340218*n + 5*n**2 - 340224*n + 15 + 0. What is r(5)?
-15
Let x(z) = z**2 - 4*z - 6. Let k be 6/12 - 242/(-4). Let q = k - 31. Let w be (q/12)/((-5)/(-12)). Calculate x(w).
6
Let h be (-4)/3*9405/2508. Let c(o) be the first derivative of 2*o**3 + 0*o + 1/4*o**4 + 7/2*o**2 - 1. Determine c(h).
-10
Let t be 13/(-3) + 4/(-6). Suppose 3 = -2*p + 9. Let o(v) = p*v + v - 372 - 3*v + 371. Determine o(t).
-6
Let s(h) = -202 + 11*h + 123 - 224. What is s(27)?
-6
Suppose -72 = -4*s - 5*s. Suppose 5*q + s = -o, 3*q + 25 + 12 = 4*o. Let t(j) = -j**2 + 10*j + 1. Determine t(o).
22
Let i(j) = -2*j**3 - 45*j**2 + 18*j - 120. Suppose 4*m - 28*m - 448 = 104. Calculate i(m).
-5
Let d(a) be the third derivative of -a**5/60 - a**4/12 + 7*a**3/2 - 12*a**2 + 31*a. Determine d(-4).
13
Let f = -294 + 291. Let i(l) = 19 - 3*l - 44 + 0*l**2 - 2*l**2 + 26. Calculate i(f).
-8
Let z be 5/5*(0 - 0). Let o(m) = 5351*m**2 + 9 - 5352*m**2 + 0. What is o(z)?
9
Let w(u) = 6*u**3 + 5*u**2 - 3*u - 1. Let s = -6495 + 6496. What is w(s)?
7
Suppose 5*o = 5*n, 4*n - 5 = -4*o + 35. Suppose 0 = -4*b + 6 + 2. Let g(u) = 7 - u**3 - 4 + b + 5*u + 4*u**2. Give g(o).
5
Suppose d + 0*d + 2*u + 61 = 0, 0 = -4*d - 4*u - 248. Let x = d + 57. Let b(s) be the second derivative of s**4/12 + 2*s**3/3 - 5*s**2/2 + s. What is b(x)?
7
Let q be 7*(-4 + (528/28)/6). Let w = -8 - -21. Let x(o) = -o - 5. Let a(v) = -2*v - 10. Let n(b) = q*a(b) + w*x(b). Determine n(0).
-5
Let w(c) = -21*c - 21. Let r(g) = 19*g + 14. Let z(s) = 6*r(s) + 5*w(s). Give z(5).
24
Let w(t) = t**3 - 8*t**2 + 3*t + 8. Let c(a) = -3*a**2 - 29*a - 67. Let b be c(-5). Suppose -24 = -2*o + 2*l, b*l = -7 - 5. Determine w(o).
32
Let c(n) = n**3 + 23*n**2 + 18*n - 61. Suppose -16*z = -115*z - 2178. Give c(z).
27
Let f(x) = 8*x + 6. Let m(a) = -9*a - 5. Let z(t) = -5*f(t) - 4*m(t). Give z(-14).
46
Let l(m) = -2*m + 117. Let b = 10603 - 10603. What is l(b)?
117
Suppose -255 = -3*i - 5*o + 223, 2*i - 3*o - 306 = 0. Suppose 0 = -2*a + a - i. Let d be 26/a*(-3 + 1)*3. Let k(v) = -10*v - 1. Determine k(d).
-11
Let f(k) = -k**2 + 12*k - 15. Let x be (-9 - -11)*2/((-2)/(-103)). Suppose 393 = 17*m + x. Calculate f(m).
-4
Let p(c) be the third derivative of -5*c**4/24 - 7*c**3/6 - 933*c**2. Calculate p(-3).
8
Let n(p) = -p**3 + 80*p**2 - 641*p + 12. Let g be n(9). Let j(d) = -d**3 - d**2 + 13*d + 8. Calculate j(g).
110
Let u(n) = 3*n + 1. Let z(a) = -4*a**2 - 25*a + 24. Let w be z(-7). Let d be (7/(-3) + 1/w)*2. Calculate u(d).
-11
Let p be 1/3 - (-8)/(-6). Let b(y) = -12*y + 6. Let u(j) = -j. Let z(k) = p*b(k) + 9*u(k). Suppose 148 = 2*h + 2*t + 128, -3*t = -2*h - 10. Calculate z(h).
6
Let w(f) = -f**3 + 11*f**2 + f + 8. Let h be w(10). Let o(m) = 36 - h + 37 + m + 30. Let d(z) = -2*z - 6. Let t be d(-3). Calculate o(t).
-15
Suppose 5*p = -5*d - 5, -5*p + 2*p + 21 = -5*d. Let r(n) = -4*n - p*n + 2*n. Give r(2).
-8
Let d be 63/45 - (-2 - (-7)/5). Let j(p) = p**d + p + 27 + 2*p - 33 + 3*p. Calculate j(-7).
1
Let p(g) = 6*g + 104. Let c = 2117 - 2133. Give p(c).
8
Let p(t) = -6*t**2 - 2*t - 1. Suppose 2*z + 444 = -35*z. Let m be 21/z - 72/(-96). Determine p(m).
-5
Let w(n) be the third derivative of -n**7/5040 - n**6/120 - n**5/15 - 13*n**3/6 - 218*n**2. Let p(f) be the third derivative of w(f). Calculate p(-11).
5
Let d(f) = -9*f**2 - 4*f - 1. Let v(l) = 18*l + 333. Let c be v(-18). Suppose c - 4 = -5*p. What is d(p)?
-6
Let u = 5 + -2. Let x(v) = -v**3 - 14*v**2 - 2*v + 12. Let p(h) = h**3 + 16*h**2 + 3*h - 14. Let w(m) = 7*p(m) + 8*x(m). What is w(u)?
-14
Let s(n) = -1452681510*n**2 + 1452681511*n**2 - 5*n - 15 + 4. Let a = -2 - -11. Give s(a).
25
Let h(i) be the second derivative of i**4/4 - 9*i**3/2 - 7*i**2/2 - 5759*i. Give h(9).
-7
Let m = -14119 - -14121. Let k(q) = q**3 + 1. Let s(a) = 8*a**3 - a**2 - a + 4. Let i(w) = -6*k(w) + s(w). Calculate i(m).
8
Let f be 3/(-6) + 123/6. Suppose f*m + 18 = 26*m. Let g(y) = 3*y**3 + y**m + 6*y + 5*y**2 + 4 - 3*y**3. What is g(-4)?
-4
Let x(m) = -4*m**2 - 6*m - 64. Let z(g) = 4*g + 9 - 3*g**2 - 15*g + 7*g - 28 - 24. Let h(s) = 5*x(s) - 7*z(s). Determine h(6).
5
Let p(j) = -334*j - 15038. Let m be p(-45). Let a(x) = -x**3 - 10*x**2 - x + 47. Calculate a(m).
-73
Let y(p) = -2*p - 9. Suppose -q + 0 = 2*o - 9, -20 = -4*o - 4*q. Let f(g) = -3*g - 7. Let n(w) = o*f(w) - 3*y(w). Determine n(3).
-19
Let f = -3 + 8. Let o(j) be the first derivative of -11 - 1/2*j**2 + 0*j. What is o(f)?
-5
Let x(i) = 14*i**2 + 1. Let m(g) = 32*g - 68. Let r be m(5). Let l = r - 93. Determine x(l).
15
Suppose 14 = 6*j - 4*j. Let w(v) = 8 - j*v + v + 7*v + 0. Let g(t) = -t - 7. Let c(l) = 3*g(l) + 4*w(l). What is c(-9)?
2
Let o(k) be the second derivative of k**4/4 + k**2 + 1489*k. Give o(5).
77
Let y = 10966 - 10964. Let p(q) be the third derivative of -3/8*q**4 - 23*q**y - 1/120*q**6 - 11/60*q**5 + 2/3*q**3 + 0 + 0*q. Determine p(-10).
-6
Let j(v) = -v - 3. Let t be j(-5). Let d(x) = -4*x**t + 3 - 2*x**3 + 0 - 2*x**3 - 3*x + 3*x**3. Let f = -11069 + 11066. What is d(f)?
3
Let w(z) = z**2 + 6*z + 5. Let d = 439 + -446. Let s be d - (1 - (3 + 1)). Calculate w(s).
-3
Let n(o) = 2*o**2 + 7*o - 5. Let p(w) = w**2 + 3*w - 3. Suppose -12*r = 159 + 345. Let b = 38 + r. Let q(y) = b*n(y) + 7*p(y). What is q(-6)?
5
Let b(g) = -6*g - 1. Let l(w) = 5*w + 1. Let a(u) = 6*b(u) + 7*l(u). Suppose 16*z = 17*z - 23. Suppose 4*r = -7 + z. What is a(r)?
-3
Suppose -53 = -5*c + 35*u - 31*u, -c - 3*u = -3. Let h(x) = -x**3 - 2 - c + x - 1 + 6*x**2 + 11. Determine h(6).
5
Let a(s) = s**3 + 2*s**2 - 2*s + 1. Suppose -192 = 6*v - 642. Let h = -81 + v. Let c be -2 + 0 + 2/h*-9. Give a(c).
2
Let v(r) = 3*r**2 - 4*r - 1. Let k(f) = -26*f**2 + 41*f + 23. Let n(p) = -k(p) - 8*v(p). What is n(5)?
-10
Let m(x) be the third derivative of 5*x**4/12 + 43*x**3/6 + 50*x**2 - 8. What is m(-5)?
-7
Let w(b) = b**3 + 744*b - 197 - 737*b + 188 - 7*b**2. Let z be (6/(-1))/(1*-1). Determine w(z).
-3
Let n(i) = -i**3 + 6*i**2 + 7*i + 2. Let y be (-174)/(-29) + 1 + -